249 - -1250)
-1
Evaluate -17 - (-18 - -1) - 25.
-25
What is -10 + -1 + -15 + 15?
-11
(-5 + 4 - 4) + -19 + 34 - 26
-16
What is -6 + -1 - (12 + (-12 - -1))?
-8
What is the value of 3 - ((19 - 5) + 11)?
-22
Calculate (0 + -8 + 11 - (16 - 1)) + -1.
-13
What is (7 - (-6 - -10)) + 4?
7
What is -1 - ((-13 - (-16 + -14)) + -21)?
3
Calculate -2 + 1 + (6 + -5 - 6) + -4.
-10
What is -9 + -4 + (8 - 3)?
-8
What is the value of (-8 - (1 - 12)) + 7?
10
Evaluate 15 - 3 - (-88 - -93).
7
5 - (7 + (6 - 10) + -1 + -3)
6
Evaluate (-7 - -3) + 33 + -10 + -10.
9
What is the value of -2 + (-22 - (-17 - 12))?
5
0 + 16 + -10 + 6 + -11 + 20
21
What is the value of (-1 - -15) + -10 + 5 + -24?
-15
What is -15 + -1 - (-28 + 0) - -4?
16
15 + (-8 - -8) + -22
-7
Calculate 34 - (-32 + (20 - -42)).
4
Calculate -4 + 9 + 0 + -11.
-6
Evaluate -210 + 225 + (-14 - 1).
0
What is the value of (-37 - -2) + 21 + (-1 - (-1 - 0))?
-14
67 - 79 - (-1 + 0 - -5)
-16
What is 33 + -47 - (-11 + 2)?
-5
What is the value of 5 + -6 + 0 + -4 - (993 + -1000)?
2
4 + -12 + 4 + 4 + -8 - 1
-9
Calculate 25 - (-17 + 46 + -11).
7
Evaluate (-393 - -373) + (56 - 1).
35
Evaluate (-49 + 61 - (0 - 1)) + -5.
8
Calculate 3 - (-4 + -1 + -1 + 22) - -8.
-5
Evaluate -3 + (-3 - 8 - 2) + 8.
-8
(0 + 4 - (14 + 10 - 33)) + -7
6
What is -5 + (2 - 8) - (-1 + 4)?
-14
What is -17 + 31 + -12 - -15?
17
Evaluate -7 + 7 + 19 - (-10 + 16).
13
What is -43 - -53 - (15 + 1) - 7?
-13
What is the value of 94 + -79 - (-2 + -3 - 1)?
21
Evaluate 6 + (1 - 4 - 1).
2
Calculate -110 + 132 - (6 - -19).
-3
(-14 - -6 - -6) + 8 + (-11 - -3)
-2
Evaluate 2 - (-19 + 8 + 16 + 3).
-6
What is the value of (-22 + -23 - -58) + -4 + -1 + 0?
8
Calculate -25 - (-11 - 23) - 21.
-12
What is (2 - -12) + -22 - (-37 - -1)?
28
Evaluate (-14 - (4 + -5)) + 50 - 9.
28
What is -17 + (-1 - (21 + -29) - (13 + 0))?
-23
What is -6 - (6 + -2) - 7?
-17
Evaluate -26 + (26 - (-14 + 35)).
-21
-21 - ((-25 - -32) + -32)
4
What is the value of 26 - (-23 - -22 - (3 + -16))?
14
What is -4 + -1 + (4 - (-2 - -5))?
-4
What is -30 + (25 - -15) - (0 + -3)?
13
Calculate (28 - 30) + 18 + (-1 - (5 + -8)).
18
What is 1 + 20 - (-49 - -68)?
2
Calculate (5 - (2 + 4) - -4) + 8.
11
What is the value of -166 - -177 - (15 - 0)?
-4
What is (3 - 12 - -16) + -9?
-2
What is 0 + 0 + -15 + 21 + (-8 - -10)?
8
What is (13 - ((0 - -2) + -1)) + 1364 + -1368?
8
Evaluate (1 - 6) + -10 + (6 - (5 + -3)).
-11
Calculate (-62 - -55 - (12 + -2)) + 11.
-6
Evaluate -9 + -9 + (13 - -6) + 2 + 3.
6
Calculate 25 + 5 + -50 + 13.
-7
Evaluate 23 - (13 + 9 - 23).
24
What is 3 + 5 + 20 + -22 + 6?
12
Evaluate (2 - 28) + 2 + 0 - (-939 + 940).
-25
Evaluate -24 - -25 - (0 + 14).
-13
What is -9 + (-2 - 0) + 9 - -1?
-1
Calculate -1243 + 1214 + -1 + 15.
-15
Calculate 45 + -3 + 2 + -11 + -13.
20
What is the value of (-13 - -6) + 21 + 9 - 9?
14
What is the value of -10 + 6 - ((13 - 7) + -14)?
4
Evaluate 24 + -6 + (-47 - -49) + -49.
-29
Calculate (2 + (-8 - -12) - -1 - 23) + 1.
-15
What is 10 + (-34 - -30) + 0 + -14?
-8
5 - (23 + -8 + (-2 - 2))
-6
Evaluate 0 + -2 + (-7 - -14) - 4 - -19.
20
What is (10 - (-16 - (-5 - 15))) + (3 - 0)?
9
What is -12 + 15 + -6 + (0 - 10)?
-13
Calculate -31 - (8 - 5) - -8.
-26
(54 - -12) + -46 + (2 - 1 - 7)
14
Evaluate 12 + (-5 - (17 + -16 + (5 - 3))).
4
Evaluate -21 - -21 - (1 + -7) - (5 + -4).
5
Evaluate (14 - 23) + 7 + 7.
5
(-6 + -3 - (1 + -3)) + -20 + 13
-14
Calculate 1 + -7 + 0 - (-11 - 6).
11
Calculate (-5 + 10 - -3 - 11) + -4.
-7
What is 0 - 26 - (31 + -72)?
15
What is 2 + 1 - ((30 - 10) + -21)?
4
Evaluate 3 - (2 - -2 - -6).
-7
Evaluate -28 - (-9 - (-1 + -1 + 3)).
-18
What is the value of -3 - (-22 + 13) - -20?
26
What is 2 + (-7 - (-18 - -4)) - 7?
2
What is 9 - (41 + -22 + -7 + 6)?
-9
What is the value of 30 + (-11 + -6 - 3)?
10
(-1 - 0 - 7) + (56 - 39)
9
What is -25 - (-12 - -4 - (42 - 48))?
-23
Evaluate 10 - (5 - -1 - (-34 - (13 + -15))).
-28
Calculate (38 - 64) + 1 + 15 + -5.
-15
-1 + (12 - 4) - 10 - -2
-1
Evaluate (3 + -2 - -5) + (-157 - -147) - -5.
1
11 - (42 - 54 - (-12 + -1))
10
What is the value of 9 + -4 + 1 + (8 - 9) - -4?
9
Calculate -19 + -1 + (-52 - -59) + 3 + -16.
-26
Calculate 19 - (33 - 16 - 10).
12
What is 2 + 14 - 3 - (-178 + 209)?
-18
What is the value of -2 - (-15 - (51 - 30))?
34
-15 - ((9 - -5) + -24)
-5
What is (139 - 131) + 1 + -19?
-10
(11 - 13) + 0 + -2 + 2 + -13
-15
What is 23 - (9 + -15 + 4 + (1 - -3))?
21
What is 40 + (8 - ((5 - -7) + 2)) + -3?
31
Evaluate 97 + -36 + -22 + -10.
29
What is the value of -25 - (-8 - (-11 + 21))?
-7
(-1 - (2 + -1) - (12 - 7)) + 8
1
Calculate (-6 - -45) + -1 + -19.
19
What is the value of -3 + 12 + (-2 + -4 - -1)?
4
(11 - 9 - -11) + 6 + -4 + 0
15
Evaluate 13 + (-15 - -14 - -15) + -7 + 1.
21
Calculate -3 - (1 + 1 - (-1 - 1)) - -10.
3
What is -42 - ((-17 - -13) + -16)?
-22
-6 + 5 + (-3 - 10)
-14
Evaluate -149 + 162 + (-35 - -2) - -9.
-11
Evaluate 16 - (-9 - -22) - (-3 - (-3 + 0)).
3
Calculate (26 - 32 - (6 - 2)) + -4.
-14
-46 + -3 + -18 + 34
-33
(-34 + 18 - -11) + 3
-2
Evaluate (-9 - -18) + 0 + -4 + -14.
-9
Calculate 11 + -23 + 20 + -4.
4
-7 + 14 + (-8 + 3 + 2 - 12)
-8
What is -2 - (7 + -6 + -8 + 10)?
-5
What is the value of 7 - ((8 - (6 + -4)) + -2 + 2)?
1
What is the value of 14 + 0 + (-7 - -2) + -2 - 20?
-13
Calculate 24 - (-19 - (-13 - 11)).
19
What is the value of 20 + (-21 - -5) - (-15 + 2 - -1)?
16
-18 - 0 - (-12 + -16 + 32)
-22
What is -2 - -1 - (216 - 224)?
7
Evaluate (6 - 9) + (-8 - -4 - -1).
-6
Calculate (12 + -23 - (4 + 4)) + 10.
-9
Calculate (855 - 872) + (0 - -9) + (1 - -7).
0
Calculate -5 + (31 - 9) + -10.
7
Calculate (17 - 15) + (-6 - (-4 - 3)) - 1.
2
0 + (-1 - 0) + (6 - 9) - -1
-3
What is 17 - 2 - (2 + 11 - (27 - 13))?
16
32 + 22 + -91 - -30
-7
-6 - (-7 + 2) - -13
12
What is -4 - (-13 - (-16 - -13))?
6
What is the value of 1 + 22 + -18 + -12?
-7
What is 47 + -48 - (-2 + -2)?
3
2 + (-5 - -2) - (-7 - 0)
6
What is the value of -47 + 64 + 24 + -19?
22
Calculate (-17 - -8) + -2 - -4.
-7
What is the value of (19 - 17) + -10 + 0?
-8
(0 - 17 - -1) + (-8 - -4) + 7
-13
Evaluate (16 - 3) + -11 + -1.
1
(-1 + -7 - (-6 + (-11 - -10))) + 5
4
Evaluate -12 - (-2 + 9 - (-5 - -6) - 6).
-12
What is 7 + -8 + (5 + -8 - -11)?
7
What is (1 + -1 - (17 + -13)) + -10 + 18?
4
Evaluate (-24 + 11 - -5 - 3) + -24.
-35
Calculate (2 - -1 - (28 + -25)) + 0 + 7.
7
What is 21 + -11 + (12 - 17)?
5
Calculate -9 + (2 - 15) - -10.
-12
Evaluate -22 - (-41 + -3) - 22.
0
What is the value of -66 - -65 - ((11 + -3 - 1) + 2)?
-10
What is the value of (-17 + -1 + -3 - (-44 + 44)) + 1?
-20
What is the value of -14 + -13 + 44 + 0?
17
What is -4 + -3 + 0 + -1 + (0 - -12)?
4
Evaluate 14 + (19 - 34) - 19.
-20
Calculate -15 + 32 - (16 - 1).
2
What is the value of 10 + -12 + (-2 - -24)?
20
What is the value of -10 - (1 - 2 - (-1 - 0))?
-10
What is -31 + (20 - 0) + 1?
-10
Calculate 2 + 0 + -1 + -2 + (-16 - -7).
-10
Evaluate -20 - (-30 + 11) - (3 + 1 + -9).
4
Calculate 11 - (20 + -9 - -17).
-17
Calculate -33 - ((13 - 3) + -10).
-33
Evaluate -317 + 313 + (0 - (-1 - -2)).
-5
Calculate -14 - (-10 + -7 + 1 + 10).
-8
What is the value of 12 - -1 - (22 + -14 + 3 + -4)?
6
Calculate (1 + 7 - -4 - 3) + -30.
-21
What is the value of -16 + 9 - -1 - (13 + -27)?
8
What is -8 - -2 - ((-8 - (15 + -12)) + 5)?
0
Evaluate -3 - -1 - 7 - ((-30 - 9) + 36).
-6
(22 - 14) + 4 - 11
1
Calculate (-12 - -2) + ((3 - 13) + 4 - -4).
-12
2 + (-347 - -340 - (-2 - (-3 - 0)))
-6
Evaluate -12 - (-4 + 6) - -26.
12
What is the value of 16 + -10 + -15 - -17?
8
Evaluate -10 + (21 - -6) + -13.
4
What is the value of (17 - (8 + -4)) + -8 + 9?
14
Evaluate 0 - (11 + 1) - -8.
-4
What is the value of 3 - -8 - (4 + (18 - 12)) - 26?
-25
Calculate -9 - (1 - -6 - (-8 - -11)).
-13
6 + (-7 + 2 - (-38 - -39))
0
Evaluate 29 + -48 + -1 + 6 - -6.
-8
What is -12 - (-11 - (14 + -12))?
1
Calculate -1 + -13 + (-48 - -49).
-13
Evaluate -3 + -4 - (5 + -9 + 8).
-11
-15 + (-8 - -13) - 8
-18
Calculate 2 + -3 + 0 - (1 + 4).
-6
What is -15 - (16 + -36 + 3)?
2
88 - (35 + 49) - ((-2 - 9) + -2)
17
What is the value of (1 - -32 - 36) + (-8 - 1)?
-12
What is -186 + 190 + (0 - -1 - 7) - -16?
14
What is the value of 3 - (-27 - (-45 + 6))?
-9
What is -4 + -11 + 11 + 0 + 0 + -15?
-19
What is the value of 27 - (20 + -43) - 29?
21
(-10 - (55 + -28 - (2 +